{"id":308,"date":"2024-07-11T05:17:20","date_gmt":"2024-07-11T05:17:20","guid":{"rendered":"https:\/\/racobidemo.com\/factoria14\/?page_id=308"},"modified":"2024-07-11T05:19:06","modified_gmt":"2024-07-11T05:19:06","slug":"condiciones-de-venta","status":"publish","type":"page","link":"https:\/\/factoria14.com\/web\/condiciones-de-venta\/","title":{"rendered":"Condiciones de venta"},"content":{"rendered":"\t\t<div data-elementor-type=\"wp-page\" data-elementor-id=\"308\" class=\"elementor elementor-308\" data-elementor-post-type=\"page\">\n\t\t\t\t\t\t<section class=\"elementor-section elementor-top-section elementor-element elementor-element-5ea1615d elementor-section-boxed elementor-section-height-default elementor-section-height-default\" data-id=\"5ea1615d\" data-element_type=\"section\" data-e-type=\"section\">\n\t\t\t\t\t\t\t<div class=\"elementor-background-overlay\"><\/div>\n\t\t\t\t\t\t\t<div class=\"elementor-container elementor-column-gap-no\">\n\t\t\t\t\t<div class=\"elementor-column elementor-col-100 elementor-top-column elementor-element elementor-element-6e6339fa\" data-id=\"6e6339fa\" data-element_type=\"column\" data-e-type=\"column\">\n\t\t\t<div class=\"elementor-widget-wrap elementor-element-populated\">\n\t\t\t\t\t\t<div class=\"elementor-element elementor-element-76083b6 elementor-widget elementor-widget-heading\" data-id=\"76083b6\" data-element_type=\"widget\" data-e-type=\"widget\" data-widget_type=\"heading.default\">\n\t\t\t\t<div class=\"elementor-widget-container\">\n\t\t\t\t\t<h4 class=\"elementor-heading-title elementor-size-default\">Condiciones de venta<\/h4>\t\t\t\t<\/div>\n\t\t\t\t<\/div>\n\t\t\t\t<div class=\"elementor-element elementor-element-31216e66 elementor-widget elementor-widget-text-editor\" data-id=\"31216e66\" data-element_type=\"widget\" data-e-type=\"widget\" data-widget_type=\"text-editor.default\">\n\t\t\t\t<div class=\"elementor-widget-container\">\n\t\t\t\t\t\t\t\t\t<p><b>PRECIO Y PAGO<\/b><\/p><p>El precio de los productos ser\u00e1 el que se estipule en cada momento en nuestra Web, salvo en caso de error manifiesto. A pesar de que intentamos asegurarnos de que todos los precios que figuran en la p\u00e1gina son correctos, pueden producirse errores. Si descubri\u00e9semos un error en el precio de los productos que has encargado, te informaremos lo antes posible y te daremos la opci\u00f3n de reconfirmar t\u00fa pedido al precio correcto o bien anularlo. Si no logramos ponernos en contacto contigo, el pedido se considerar\u00e1 cancelado y se reembolsar\u00e1n \u00edntegramente las cantidades que hubiesen sido abonadas.<\/p><p>Los precios de la p\u00e1gina Web incluyen los impuestos correspondientes<\/p><p>\u00a0<\/p><p><b>FORMAS DE PAGO<\/b><\/p><p>Puede efectuar el pago con su tarjeta de cr\u00e9dito habitual VISA, MASTERCARD, PAYPAL o bien por transferencia bancaria. El importe de su pedido quedar\u00e1 cargado y descontado de su tarjeta en el momento que usted confirme la compra.<\/p><p>Recuerde que hasta que no haga el pago de la compra, su pedido no est\u00e1 confirmado y, por tanto, los productos elegidos no est\u00e1n reservados.<\/p><p>Con el objetivo de dar la m\u00e1xima seguridad al proceso de compra, ofrecemos un sistema con certificado de seguridad HTTPS y pasarela de datos bancaria,\u00a0 que garantiza la comunicaci\u00f3n directa del cliente con la entidad al realizar el pago. De esta forma nadie puede tener acceso a los datos de su tarjeta.<\/p><p>\u00a0<\/p><p><b>ENV\u00cdOS<\/b><\/p><p>\u00bfCu\u00e1l es el coste de env\u00edo?<\/p><p><strong>Recogida Local:<\/strong><\/p><p>La recogida local se efectuara en las instalaciones de:<\/p><p>Factoria14 S.L.<\/p><p>C\/Alfred Nobel, 10 \u2013 03203 \u2013 Elche (Alicante)<\/p><p>Elche Parque Empresarial<\/p><p>En Horario de 10:00 a 18:00.<\/p><p><strong>Env\u00edo Peninsula:<\/strong><\/p><ul><li>Gastos fijos de env\u00edo de 4\u20ac en Pen\u00ednsula.<\/li><li>El gasto de env\u00edo para fuera de la Pen\u00ednsula no esta incluido y variar\u00e1 en funci\u00f3n del destino, cons\u00faltenos.<\/li><\/ul><p>\u00a0<\/p><p><b>CAMBIOS Y DEVOLUCIONES<\/b><\/p><p>Tiene un plazo de 15 d\u00edas naturales desde su recepci\u00f3n\u00a0para ponerse en contacto con nosotros a trav\u00e9s de\u00a0<a href=\"mailto:info@factoria14.com\">info@factoria14.com<\/a>\u00a0y gestionar el cambio o devoluci\u00f3n y para proceder a la misma deber\u00e1 comprobar que su pedido cumple las siguientes condiciones:<\/p><ul><li>El producto no debe estar usado.<\/li><\/ul><ul><li>Debe ser enviado en las mismas condiciones en las que fue recibido.\u00a0No se proceder\u00e1 a la devoluci\u00f3n de aquellos productos que no est\u00e9n en las mismas condiciones en las que fueron recibidos, o que hayan sido usados m\u00e1s all\u00e1 de la mera apertura del producto.<\/li><\/ul><p>Una vez confirmada su devoluci\u00f3n, un mensajero pasar\u00e1 a recoger su paquete por la direcci\u00f3n de env\u00edo que se facilite en el formulario de devoluci\u00f3n y lo entregar\u00e1 en nuestras oficinas. Una vez recibido en nuestras oficinas, procederemos a examinarlo y le comunicaremos por correo electr\u00f3nico si procede la devoluci\u00f3n teniendo en cuenta que se encuentre dentro del plazo establecido y que el producto se encuentre en perfecto estado. Recuerda que el producto debe ser enviado de la misma forma en que fue recibido.<br \/>Una vez aprobada la devoluci\u00f3n, recibir\u00e1 el importe del mismo modo en el que realiz\u00f3 la compra. El abono a la tarjeta de cr\u00e9dito depende siempre de su entidad bancaria.<\/p><p class=\"p1\"><span class=\"s1\">\u201c Excepcionalmente, por el car\u00e1cter no lucrativo de la promoci\u00f3n \u201ccamiseta solidaria\u201d no se admitir\u00e1n cambios ni devoluciones para los productos de dicha <\/span><span class=\"s1\">promoci\u00f3n\u201d<\/span><\/p><p>Lorem ipsum dolor sit amet, cons aring elit sed dllao the eimod sed dllao the eimod dolor sit am. Rem omnis placeat vulputate inventore maxime minus nec eimod sed dllao the eimod dolor minus nec eimod sed dllao the eimod .<\/p>\t\t\t\t\t\t\t\t<\/div>\n\t\t\t\t<\/div>\n\t\t\t\t\t<\/div>\n\t\t<\/div>\n\t\t\t\t\t<\/div>\n\t\t<\/section>\n\t\t\t\t<\/div>\n\t\t","protected":false},"excerpt":{"rendered":"<p>Condiciones de venta PRECIO Y PAGO El precio de los productos ser\u00e1 el que se estipule en cada momento en nuestra Web, salvo en caso de error manifiesto. A pesar de que intentamos asegurarnos de que todos los precios que figuran en la p\u00e1gina son correctos, pueden producirse errores. Si descubri\u00e9semos un error en el [&hellip;]<\/p>\n","protected":false},"author":3,"featured_media":0,"parent":0,"menu_order":0,"comment_status":"closed","ping_status":"closed","template":"","meta":{"footnotes":""},"class_list":["post-308","page","type-page","status-publish","hentry"],"yoast_head":"<!-- This site is optimized with the Yoast SEO plugin v27.0 - https:\/\/yoast.com\/product\/yoast-seo-wordpress\/ -->\n<title>Condiciones de venta - Factoria 14<\/title>\n<meta name=\"description\" content=\"Condiciones de venta PRECIO Y PAGOEl precio de los productos ser\u00e1 el que se estipule en cada momento en nuestra Web, salvo en caso de error manifiesto. A\" \/>\n<meta name=\"robots\" content=\"index, follow, max-snippet:-1, max-image-preview:large, max-video-preview:-1\" \/>\n<link rel=\"canonical\" href=\"https:\/\/factoria14.com\/web\/condiciones-de-venta\/\" \/>\n<meta property=\"og:locale\" content=\"es_ES\" \/>\n<meta property=\"og:type\" content=\"article\" \/>\n<meta property=\"og:title\" content=\"Condiciones de venta - Factoria 14\" \/>\n<meta property=\"og:description\" content=\"Condiciones de venta PRECIO Y PAGOEl precio de los productos ser\u00e1 el que se estipule en cada momento en nuestra Web, salvo en caso de error manifiesto. A\" \/>\n<meta property=\"og:url\" content=\"https:\/\/factoria14.com\/web\/condiciones-de-venta\/\" \/>\n<meta property=\"og:site_name\" content=\"Factoria 14\" \/>\n<meta property=\"article:modified_time\" content=\"2024-07-11T05:19:06+00:00\" \/>\n<meta name=\"twitter:card\" content=\"summary_large_image\" \/>\n<meta name=\"twitter:label1\" content=\"Tiempo de lectura\" \/>\n\t<meta name=\"twitter:data1\" content=\"3 minutos\" \/>\n<script type=\"application\/ld+json\" class=\"yoast-schema-graph\">{\"@context\":\"https:\/\/schema.org\",\"@graph\":[{\"@type\":\"WebPage\",\"@id\":\"https:\/\/factoria14.com\/web\/condiciones-de-venta\/\",\"url\":\"https:\/\/factoria14.com\/web\/condiciones-de-venta\/\",\"name\":\"Condiciones de venta - Factoria 14\",\"isPartOf\":{\"@id\":\"https:\/\/factoria14.com\/web\/#website\"},\"datePublished\":\"2024-07-11T05:17:20+00:00\",\"dateModified\":\"2024-07-11T05:19:06+00:00\",\"description\":\"Condiciones de venta PRECIO Y PAGOEl precio de los productos ser\u00e1 el que se estipule en cada momento en nuestra Web, salvo en caso de error manifiesto. A\",\"breadcrumb\":{\"@id\":\"https:\/\/factoria14.com\/web\/condiciones-de-venta\/#breadcrumb\"},\"inLanguage\":\"es\",\"potentialAction\":[{\"@type\":\"ReadAction\",\"target\":[\"https:\/\/factoria14.com\/web\/condiciones-de-venta\/\"]}]},{\"@type\":\"BreadcrumbList\",\"@id\":\"https:\/\/factoria14.com\/web\/condiciones-de-venta\/#breadcrumb\",\"itemListElement\":[{\"@type\":\"ListItem\",\"position\":1,\"name\":\"Portada\",\"item\":\"https:\/\/factoria14.com\/web\/\"},{\"@type\":\"ListItem\",\"position\":2,\"name\":\"Condiciones de venta\"}]},{\"@type\":\"WebSite\",\"@id\":\"https:\/\/factoria14.com\/web\/#website\",\"url\":\"https:\/\/factoria14.com\/web\/\",\"name\":\"Factoria 14\",\"description\":\"Factor\u00eda 14, serigrafia en Elche\",\"publisher\":{\"@id\":\"https:\/\/factoria14.com\/web\/#organization\"},\"potentialAction\":[{\"@type\":\"SearchAction\",\"target\":{\"@type\":\"EntryPoint\",\"urlTemplate\":\"https:\/\/factoria14.com\/web\/?s={search_term_string}\"},\"query-input\":{\"@type\":\"PropertyValueSpecification\",\"valueRequired\":true,\"valueName\":\"search_term_string\"}}],\"inLanguage\":\"es\"},{\"@type\":\"Organization\",\"@id\":\"https:\/\/factoria14.com\/web\/#organization\",\"name\":\"Factoria 14\",\"url\":\"https:\/\/factoria14.com\/web\/\",\"logo\":{\"@type\":\"ImageObject\",\"inLanguage\":\"es\",\"@id\":\"https:\/\/factoria14.com\/web\/#\/schema\/logo\/image\/\",\"url\":\"https:\/\/factoria14.com\/web\/wp-content\/uploads\/2024\/07\/logoFactoria1.png\",\"contentUrl\":\"https:\/\/factoria14.com\/web\/wp-content\/uploads\/2024\/07\/logoFactoria1.png\",\"width\":974,\"height\":144,\"caption\":\"Factoria 14\"},\"image\":{\"@id\":\"https:\/\/factoria14.com\/web\/#\/schema\/logo\/image\/\"}}]}<\/script>\n<!-- \/ Yoast SEO plugin. -->","yoast_head_json":{"title":"Condiciones de venta - Factoria 14","description":"Condiciones de venta PRECIO Y PAGOEl precio de los productos ser\u00e1 el que se estipule en cada momento en nuestra Web, salvo en caso de error manifiesto. A","robots":{"index":"index","follow":"follow","max-snippet":"max-snippet:-1","max-image-preview":"max-image-preview:large","max-video-preview":"max-video-preview:-1"},"canonical":"https:\/\/factoria14.com\/web\/condiciones-de-venta\/","og_locale":"es_ES","og_type":"article","og_title":"Condiciones de venta - Factoria 14","og_description":"Condiciones de venta PRECIO Y PAGOEl precio de los productos ser\u00e1 el que se estipule en cada momento en nuestra Web, salvo en caso de error manifiesto. A","og_url":"https:\/\/factoria14.com\/web\/condiciones-de-venta\/","og_site_name":"Factoria 14","article_modified_time":"2024-07-11T05:19:06+00:00","twitter_card":"summary_large_image","twitter_misc":{"Tiempo de lectura":"3 minutos"},"schema":{"@context":"https:\/\/schema.org","@graph":[{"@type":"WebPage","@id":"https:\/\/factoria14.com\/web\/condiciones-de-venta\/","url":"https:\/\/factoria14.com\/web\/condiciones-de-venta\/","name":"Condiciones de venta - Factoria 14","isPartOf":{"@id":"https:\/\/factoria14.com\/web\/#website"},"datePublished":"2024-07-11T05:17:20+00:00","dateModified":"2024-07-11T05:19:06+00:00","description":"Condiciones de venta PRECIO Y PAGOEl precio de los productos ser\u00e1 el que se estipule en cada momento en nuestra Web, salvo en caso de error manifiesto. A","breadcrumb":{"@id":"https:\/\/factoria14.com\/web\/condiciones-de-venta\/#breadcrumb"},"inLanguage":"es","potentialAction":[{"@type":"ReadAction","target":["https:\/\/factoria14.com\/web\/condiciones-de-venta\/"]}]},{"@type":"BreadcrumbList","@id":"https:\/\/factoria14.com\/web\/condiciones-de-venta\/#breadcrumb","itemListElement":[{"@type":"ListItem","position":1,"name":"Portada","item":"https:\/\/factoria14.com\/web\/"},{"@type":"ListItem","position":2,"name":"Condiciones de venta"}]},{"@type":"WebSite","@id":"https:\/\/factoria14.com\/web\/#website","url":"https:\/\/factoria14.com\/web\/","name":"Factoria 14","description":"Factor\u00eda 14, serigrafia en Elche","publisher":{"@id":"https:\/\/factoria14.com\/web\/#organization"},"potentialAction":[{"@type":"SearchAction","target":{"@type":"EntryPoint","urlTemplate":"https:\/\/factoria14.com\/web\/?s={search_term_string}"},"query-input":{"@type":"PropertyValueSpecification","valueRequired":true,"valueName":"search_term_string"}}],"inLanguage":"es"},{"@type":"Organization","@id":"https:\/\/factoria14.com\/web\/#organization","name":"Factoria 14","url":"https:\/\/factoria14.com\/web\/","logo":{"@type":"ImageObject","inLanguage":"es","@id":"https:\/\/factoria14.com\/web\/#\/schema\/logo\/image\/","url":"https:\/\/factoria14.com\/web\/wp-content\/uploads\/2024\/07\/logoFactoria1.png","contentUrl":"https:\/\/factoria14.com\/web\/wp-content\/uploads\/2024\/07\/logoFactoria1.png","width":974,"height":144,"caption":"Factoria 14"},"image":{"@id":"https:\/\/factoria14.com\/web\/#\/schema\/logo\/image\/"}}]}},"_links":{"self":[{"href":"https:\/\/factoria14.com\/web\/wp-json\/wp\/v2\/pages\/308","targetHints":{"allow":["GET"]}}],"collection":[{"href":"https:\/\/factoria14.com\/web\/wp-json\/wp\/v2\/pages"}],"about":[{"href":"https:\/\/factoria14.com\/web\/wp-json\/wp\/v2\/types\/page"}],"author":[{"embeddable":true,"href":"https:\/\/factoria14.com\/web\/wp-json\/wp\/v2\/users\/3"}],"replies":[{"embeddable":true,"href":"https:\/\/factoria14.com\/web\/wp-json\/wp\/v2\/comments?post=308"}],"version-history":[{"count":4,"href":"https:\/\/factoria14.com\/web\/wp-json\/wp\/v2\/pages\/308\/revisions"}],"predecessor-version":[{"id":312,"href":"https:\/\/factoria14.com\/web\/wp-json\/wp\/v2\/pages\/308\/revisions\/312"}],"wp:attachment":[{"href":"https:\/\/factoria14.com\/web\/wp-json\/wp\/v2\/media?parent=308"}],"curies":[{"name":"wp","href":"https:\/\/api.w.org\/{rel}","templated":true}]}}